{"id":2577,"date":"2023-07-18T09:44:33","date_gmt":"2023-07-18T09:44:33","guid":{"rendered":"https:\/\/nirashop.negmtech.com\/?post_type=product&#038;p=2577"},"modified":"2023-07-20T14:44:28","modified_gmt":"2023-07-20T14:44:28","slug":"bio-moringa-kapseln-45-g","status":"publish","type":"product","link":"https:\/\/nirashop.negmtech.com\/?product=bio-moringa-kapseln-45-g","title":{"rendered":"Bio Moringa Kapseln, 45 g"},"content":{"rendered":"<p>Govinda m\u00f6chte mit seinen Produkten zur\u00fcck zu den ayurvedischen Wurzeln und empfiehlt ayurvedische Nahrungserg\u00e4nzungsmittel wie Moringa. In der ayurvedischen Heilkunst wird Moringa als eine wichtige Pflanze betrachtet, die als Vata und Kapha-Dosha ausgleichend gilt. Govinda gewinnt aus den Bl\u00e4ttern des Moringa-Baums ein kr\u00e4ftig gr\u00fcnes, fein-w\u00fcrziges Pulver, das in vegane Kapselh\u00fclsen gef\u00fcllt wird. Der Meerrettichbaum w\u00e4chst heute in fast allen tropischen Gebieten, und Govinda bezieht den fair gehandelten Rohstoff f\u00fcr seine Produkte haupts\u00e4chlich aus Namibia, wo Moringa auch zur Aufforstung verwendet wird.<\/p>\n<div id=\"gtx-trans\" style=\"position: absolute; left: -85px; top: 0px;\">\n<div class=\"gtx-trans-icon\"><\/div>\n<\/div>\n","protected":false},"excerpt":{"rendered":"<p>Govinda m\u00f6chte mit seinen Produkten zur\u00fcck zu den ayurvedischen Wurzeln und empfiehlt ayurvedische Nahrungserg\u00e4nzungsmittel wie Moringa.<\/p>\n","protected":false},"featured_media":2444,"template":"","meta":{"inline_featured_image":false},"product_cat":[55],"product_tag":[],"class_list":{"0":"post-2577","1":"product","2":"type-product","3":"status-publish","4":"has-post-thumbnail","6":"product_cat-nahrungserganzung","8":"first","9":"instock","10":"featured","11":"shipping-taxable","12":"purchasable","13":"product-type-simple"},"_links":{"self":[{"href":"https:\/\/nirashop.negmtech.com\/index.php?rest_route=\/wp\/v2\/product\/2577","targetHints":{"allow":["GET"]}}],"collection":[{"href":"https:\/\/nirashop.negmtech.com\/index.php?rest_route=\/wp\/v2\/product"}],"about":[{"href":"https:\/\/nirashop.negmtech.com\/index.php?rest_route=\/wp\/v2\/types\/product"}],"wp:featuredmedia":[{"embeddable":true,"href":"https:\/\/nirashop.negmtech.com\/index.php?rest_route=\/wp\/v2\/media\/2444"}],"wp:attachment":[{"href":"https:\/\/nirashop.negmtech.com\/index.php?rest_route=%2Fwp%2Fv2%2Fmedia&parent=2577"}],"wp:term":[{"taxonomy":"product_cat","embeddable":true,"href":"https:\/\/nirashop.negmtech.com\/index.php?rest_route=%2Fwp%2Fv2%2Fproduct_cat&post=2577"},{"taxonomy":"product_tag","embeddable":true,"href":"https:\/\/nirashop.negmtech.com\/index.php?rest_route=%2Fwp%2Fv2%2Fproduct_tag&post=2577"}],"curies":[{"name":"wp","href":"https:\/\/api.w.org\/{rel}","templated":true}]}}